{"id":123,"date":"2024-10-20T19:34:25","date_gmt":"2024-10-20T19:34:25","guid":{"rendered":"https:\/\/anpaveleirodocampo.eu\/?page_id=123"},"modified":"2024-10-20T19:34:25","modified_gmt":"2024-10-20T19:34:25","slug":"politica-de-privacidade","status":"publish","type":"page","link":"https:\/\/anpaveleirodocampo.eu\/index.php\/politica-de-privacidade\/","title":{"rendered":"Pol\u00edtica de privacidade"},"content":{"rendered":"\n<p>A presente Pol\u00edtica de Privacidade establece os termos nos que a ANPA Veleiro Docampo emprega e protexe a informaci\u00f3n que as persoas usuarias da web lle poidan proporcionar. A nosa asociaci\u00f3n est\u00e1 comprometida coa seguridade dos datos e das persoas usuarias. Se vos pedimos encher os campos de informaci\u00f3n persoal coa que podedes ser identificadas, fac\u00e9molo asegur\u00e1ndonos que s\u00f3 ser\u00e1 empregada de acordo aos termos deste documento. Malia iso, esta pol\u00edtica de privacidade pode cambiar co tempo ou ser actualizada, polo que vos recomendamos revisar esta p\u00e1xina para asegurarvos de estar de acordo con ditos cambios.<\/p>\n\n\n\n<p><strong>Informaci\u00f3n que recollemos<\/strong><\/p>\n\n\n\n<p>Desde a nosa web podemos recoller informaci\u00f3n persoal (nome, informaci\u00f3n de contacto, enderezo electr\u00f3nico, etc.). As\u00ed mesmo, cando sexa necesario, poder\u00e1 ser requirida informaci\u00f3n espec\u00edfica para inscrici\u00f3ns en actividades, por exemplo.<\/p>\n\n\n\n<p><strong>Uso da informaci\u00f3n recollida<\/strong><\/p>\n\n\n\n<p>A nosa web emprega a informaci\u00f3n co fin de proporcionar o mellor servizo posible \u00e1s persoas usuarias. <\/p>\n\n\n\n<p><strong>Enlaces a Terceiros<\/strong><\/p>\n\n\n\n<p>A nosa web cont\u00e9n enlaces a outras p\u00e1xinas web que poden ser do voso interese. Unha vez que fagades clic neses enlaces, e abandonedes a nosa p\u00e1xina, xa non teremos control sobre a web \u00e1 que vos dirixides, polo que non somos responsables dos termos de privacidade nin da protecci\u00f3n dos vosos datos nestes outros sitios (eles ter\u00e1n as s\u00faas propias pol\u00edticas de privacidade, polo que \u00e9 recomendable que as consultedes para confirmar se estades conformes con elas).<\/p>\n\n\n\n<p><strong>Control da vosa informaci\u00f3n persoal<\/strong><\/p>\n\n\n\n<p>A ANPA Veleiro Docampo non ceder\u00e1 nin distribuir\u00e1 a informaci\u00f3n persoal que sexa recollida, sen o voso consentimento, a non ser que sexa requirido por un xu\u00edz con orde xudicial.<\/p>\n\n\n\n<p>Queda reservado o dereito de cambiar os termos desta pol\u00edtica de privacidade en calquera momento.<\/p>\n\n\n\n<p><\/p>\n","protected":false},"excerpt":{"rendered":"<p>A presente Pol\u00edtica de Privacidade establece os termos nos que a ANPA Veleiro Docampo emprega e protexe a informaci\u00f3n que as persoas usuarias da web lle poidan proporcionar. A nosa asociaci\u00f3n est\u00e1 comprometida coa seguridade dos datos e das persoas usuarias. Se vos pedimos encher os campos de informaci\u00f3n persoal coa que podedes ser identificadas, [&hellip;]<\/p>\n","protected":false},"author":1,"featured_media":0,"parent":0,"menu_order":0,"comment_status":"closed","ping_status":"closed","template":"","meta":{"footnotes":""},"class_list":["post-123","page","type-page","status-publish","hentry"],"_links":{"self":[{"href":"https:\/\/anpaveleirodocampo.eu\/index.php\/wp-json\/wp\/v2\/pages\/123","targetHints":{"allow":["GET"]}}],"collection":[{"href":"https:\/\/anpaveleirodocampo.eu\/index.php\/wp-json\/wp\/v2\/pages"}],"about":[{"href":"https:\/\/anpaveleirodocampo.eu\/index.php\/wp-json\/wp\/v2\/types\/page"}],"author":[{"embeddable":true,"href":"https:\/\/anpaveleirodocampo.eu\/index.php\/wp-json\/wp\/v2\/users\/1"}],"replies":[{"embeddable":true,"href":"https:\/\/anpaveleirodocampo.eu\/index.php\/wp-json\/wp\/v2\/comments?post=123"}],"version-history":[{"count":2,"href":"https:\/\/anpaveleirodocampo.eu\/index.php\/wp-json\/wp\/v2\/pages\/123\/revisions"}],"predecessor-version":[{"id":125,"href":"https:\/\/anpaveleirodocampo.eu\/index.php\/wp-json\/wp\/v2\/pages\/123\/revisions\/125"}],"wp:attachment":[{"href":"https:\/\/anpaveleirodocampo.eu\/index.php\/wp-json\/wp\/v2\/media?parent=123"}],"curies":[{"name":"wp","href":"https:\/\/api.w.org\/{rel}","templated":true}]}}

Política de privacidade

<p>A presente Política de Privacidade establece os termos nos que a ANPA Veleiro Docampo emprega e protexe a información que as persoas usuarias da web lle poidan proporcionar. A nosa asociación está comprometida coa seguridade dos datos e das persoas usuarias. Se vos pedimos encher os campos de información persoal coa que podedes ser identificadas, facémolo asegurándonos que só será empregada de acordo aos termos deste documento. Malia iso, esta política de privacidade pode cambiar co tempo ou ser actualizada, polo que vos recomendamos revisar esta páxina para asegurarvos de estar de acordo con ditos cambios.</p>



<p><strong>Información que recollemos</strong></p>



<p>Desde a nosa web podemos recoller información persoal (nome, información de contacto, enderezo electrónico, etc.). Así mesmo, cando sexa necesario, poderá ser requirida información específica para inscricións en actividades, por exemplo.</p>



<p><strong>Uso da información recollida</strong></p>



<p>A nosa web emprega a información co fin de proporcionar o mellor servizo posible ás persoas usuarias. </p>



<p><strong>Enlaces a Terceiros</strong></p>



<p>A nosa web contén enlaces a outras páxinas web que poden ser do voso interese. Unha vez que fagades clic neses enlaces, e abandonedes a nosa páxina, xa non teremos control sobre a web á que vos dirixides, polo que non somos responsables dos termos de privacidade nin da protección dos vosos datos nestes outros sitios (eles terán as súas propias políticas de privacidade, polo que é recomendable que as consultedes para confirmar se estades conformes con elas).</p>



<p><strong>Control da vosa información persoal</strong></p>



<p>A ANPA Veleiro Docampo non cederá nin distribuirá a información persoal que sexa recollida, sen o voso consentimento, a non ser que sexa requirido por un xuíz con orde xudicial.</p>



<p>Queda reservado o dereito de cambiar os termos desta política de privacidade en calquera momento.</p>



<p></p>

<p>A presente Política de Privacidade establece os termos nos que a ANPA Veleiro Docampo emprega e protexe a información que as persoas usuarias da web lle poidan proporcionar. A nosa asociación está comprometida coa seguridade dos datos e das persoas usuarias. Se vos pedimos encher os campos de información persoal coa que podedes ser identificadas, [&hellip;]</p>
