{"id":104,"date":"2024-10-07T20:21:48","date_gmt":"2024-10-07T20:21:48","guid":{"rendered":"https:\/\/anpaveleirodocampo.eu\/?page_id=104"},"modified":"2024-10-07T20:21:48","modified_gmt":"2024-10-07T20:21:48","slug":"anpa-veleiro-docampo","status":"publish","type":"page","link":"https:\/\/anpaveleirodocampo.eu\/index.php\/anpa-veleiro-docampo\/","title":{"rendered":"ANPA Veleiro Docampo"},"content":{"rendered":"\n<p>A actual ANPA constituiuse no mes de outubro de 2023 e, desde ese momento, dedicamos todos os nosos esforzos en mellorar a convivencia, as instalaci\u00f3ns e a oferta de lecer e conciliaci\u00f3n da nosa comunidade educativa.<\/p>\n\n\n\n<p>Son tarefas habituais:<\/p>\n\n\n\n<ul class=\"wp-block-list\">\n<li>Falar con organismos p\u00fablicos para propo\u00f1er melloras e apoio para que o CEIP Veleiro Docampo te\u00f1a todas as necesidades cubertas.<\/li>\n\n\n\n<li>Solicitude de axudas para podermos ofrecer opci\u00f3ns de conciliaci\u00f3n polas tardes, ou en d\u00edas festivos, e para a realizaci\u00f3n de actividades en materia de Igualdade.<\/li>\n\n\n\n<li>Xesti\u00f3n de actividades extraescolares que complementen a oferta municipal.<\/li>\n\n\n\n<li>Xesti\u00f3n de obradoiros, charlas e excursi\u00f3ns de car\u00e1cter pedag\u00f3xico e l\u00fadico para desfrute do alumnado en horario lectivo, que complemente a propia oferta do colexio.<\/li>\n\n\n\n<li>Asesoramento \u00e1s familias e defensa dos seus dereitos -cando estes se vexan vulnerados- as\u00ed como representaci\u00f3n, cando sexa necesario, ante os \u00f3rganos que corresponda en cada caso.<\/li>\n\n\n\n<li>Manter as familias informadas de cantas cuesti\u00f3ns afecten ao bo funcionamento da comunidade escolar, as\u00ed como de calquera actividade que poida ser de interese (charlas, actividades, axudas, noticias&#8230;).<\/li>\n<\/ul>\n\n\n\n<p>Traballamos, cada d\u00eda, para crear un espazo moito mellor para os\/as nosos\/as fillos\/as, po\u00f1endo o foco en actividades, petici\u00f3ns a instituci\u00f3ns p\u00fablicas e iniciativas que sexan <strong>inclusivas, conciliadoras e baseadas nunha educaci\u00f3n adaptada aos\/\u00e1s m\u00e1is pequenos\/as<\/strong>, sexa cal sexa o seu nivel ou situaci\u00f3n.<\/p>\n\n\n\n<p>Cremos tam\u00e9n na <strong>importancia dos valores<\/strong> e de facelos chegar aos nenos e nenas e \u00e1s familias, desde actividades ou servizos prestados por asociaci\u00f3ns como a nosa.&nbsp;<\/p>\n\n\n\n<p><strong>Seguimos traballando, inform\u00e1ndonos, aprendendo e loitando por unha escola mellor para os\/as nosos\/as nenos\/as e as s\u00faas familias<\/strong>. <strong>Por iso, moitas grazas polo teu apoio! <\/strong><strong>Cantas m\u00e1is familias sexamos, m\u00e1is posibilidades temos de conseguir axudas e melloras.<\/strong><\/p>\n\n\n\n<p><\/p>\n","protected":false},"excerpt":{"rendered":"<p>A actual ANPA constituiuse no mes de outubro de 2023 e, desde ese momento, dedicamos todos os nosos esforzos en mellorar a convivencia, as instalaci\u00f3ns e a oferta de lecer e conciliaci\u00f3n da nosa comunidade educativa. Son tarefas habituais: Traballamos, cada d\u00eda, para crear un espazo moito mellor para os\/as nosos\/as fillos\/as, po\u00f1endo o foco [&hellip;]<\/p>\n","protected":false},"author":1,"featured_media":0,"parent":0,"menu_order":0,"comment_status":"closed","ping_status":"closed","template":"","meta":{"footnotes":""},"class_list":["post-104","page","type-page","status-publish","hentry"],"_links":{"self":[{"href":"https:\/\/anpaveleirodocampo.eu\/index.php\/wp-json\/wp\/v2\/pages\/104","targetHints":{"allow":["GET"]}}],"collection":[{"href":"https:\/\/anpaveleirodocampo.eu\/index.php\/wp-json\/wp\/v2\/pages"}],"about":[{"href":"https:\/\/anpaveleirodocampo.eu\/index.php\/wp-json\/wp\/v2\/types\/page"}],"author":[{"embeddable":true,"href":"https:\/\/anpaveleirodocampo.eu\/index.php\/wp-json\/wp\/v2\/users\/1"}],"replies":[{"embeddable":true,"href":"https:\/\/anpaveleirodocampo.eu\/index.php\/wp-json\/wp\/v2\/comments?post=104"}],"version-history":[{"count":1,"href":"https:\/\/anpaveleirodocampo.eu\/index.php\/wp-json\/wp\/v2\/pages\/104\/revisions"}],"predecessor-version":[{"id":105,"href":"https:\/\/anpaveleirodocampo.eu\/index.php\/wp-json\/wp\/v2\/pages\/104\/revisions\/105"}],"wp:attachment":[{"href":"https:\/\/anpaveleirodocampo.eu\/index.php\/wp-json\/wp\/v2\/media?parent=104"}],"curies":[{"name":"wp","href":"https:\/\/api.w.org\/{rel}","templated":true}]}}

<p>A actual ANPA constituiuse no mes de outubro de 2023 e, desde ese momento, dedicamos todos os nosos esforzos en mellorar a convivencia, as instalacións e a oferta de lecer e conciliación da nosa comunidade educativa.</p>



<p>Son tarefas habituais:</p>



<ul class="wp-block-list">
<li>Falar con organismos públicos para propoñer melloras e apoio para que o CEIP Veleiro Docampo teña todas as necesidades cubertas.</li>



<li>Solicitude de axudas para podermos ofrecer opcións de conciliación polas tardes, ou en días festivos, e para a realización de actividades en materia de Igualdade.</li>



<li>Xestión de actividades extraescolares que complementen a oferta municipal.</li>



<li>Xestión de obradoiros, charlas e excursións de carácter pedagóxico e lúdico para desfrute do alumnado en horario lectivo, que complemente a propia oferta do colexio.</li>



<li>Asesoramento ás familias e defensa dos seus dereitos -cando estes se vexan vulnerados- así como representación, cando sexa necesario, ante os órganos que corresponda en cada caso.</li>



<li>Manter as familias informadas de cantas cuestións afecten ao bo funcionamento da comunidade escolar, así como de calquera actividade que poida ser de interese (charlas, actividades, axudas, noticias&#8230;).</li>
</ul>



<p>Traballamos, cada día, para crear un espazo moito mellor para os/as nosos/as fillos/as, poñendo o foco en actividades, peticións a institucións públicas e iniciativas que sexan <strong>inclusivas, conciliadoras e baseadas nunha educación adaptada aos/ás máis pequenos/as</strong>, sexa cal sexa o seu nivel ou situación.</p>



<p>Cremos tamén na <strong>importancia dos valores</strong> e de facelos chegar aos nenos e nenas e ás familias, desde actividades ou servizos prestados por asociacións como a nosa.&nbsp;</p>



<p><strong>Seguimos traballando, informándonos, aprendendo e loitando por unha escola mellor para os/as nosos/as nenos/as e as súas familias</strong>. <strong>Por iso, moitas grazas polo teu apoio! </strong><strong>Cantas máis familias sexamos, máis posibilidades temos de conseguir axudas e melloras.</strong></p>



<p></p>

<p>A actual ANPA constituiuse no mes de outubro de 2023 e, desde ese momento, dedicamos todos os nosos esforzos en mellorar a convivencia, as instalacións e a oferta de lecer e conciliación da nosa comunidade educativa. Son tarefas habituais: Traballamos, cada día, para crear un espazo moito mellor para os/as nosos/as fillos/as, poñendo o foco [&hellip;]</p>
